ens digit of (r - -1*206) + 0/(-3)?
0
Let q be -8 + (-16 - -9 - -18). Suppose -1377 - 3940 = -4*j - q*h, 0 = -2*j + 5*h + 2665. What is the units digit of j?
0
Suppose -5*y + 3*a = -72, -2*y - a = 5*a - 36. Suppose 0 = -y*j - 2*j + 11934. What is the hundreds digit of j?
7
Suppose -16*m + 103878 = 158*m. What is the units digit of m?
7
Let q be ((-2)/((-32)/(-60)))/((-1)/(-4)). Let z be (-9)/q - 306/10. Let r = -15 - z. What is the tens digit of r?
1
Let d(q) = 2*q**2 + 17. Let n be d(-12). Suppose 9*y - 2969 = -n. What is the hundreds digit of y?
2
Let u be (-7 + 2 + 4)*1. Let z be ((-14)/(-4))/(u/2). What is the hundreds digit of (-33 + (-4 - z))*-8?
2
Suppose 10*b - 719070 - 199030 = -15*b. What is the hundreds digit of b?
7
Suppose 4*s - 672 = 2*b, -s + 5*b = 77 - 245. What is the units digit of (-48)/s + (-5408)/(-14)?
6
Suppose 448*o - 3527792 = 332*o. What is the hundreds digit of o?
4
Suppose 9*x + 21005 = 11*x + 5*m, 4*m = 28. What is the tens digit of x?
8
Suppose -31*s - 69408 = -47*s. What is the hundreds digit of s?
3
Let p(o) = 10*o + 26. Suppose 0 = 4*i - 5*n - 27, 3 = 3*i - 3*n - 15. Suppose 2*y = -6*q + 3*q + 39, 0 = -i*y - 9. What is the hundreds digit of p(q)?
1
Let p be ((-665)/70)/(3/(-6)). What is the units digit of p*(2920/34 + 36/306)?
4
Suppose 2*n - 5*w - 1608 = 0, -3 = 3*w - 9. Let x = n - -841. What is the hundreds digit of x?
6
Let a(t) = -4*t**2 - 8*t + 8. Let b be a(-7). Let z(p) = -8*p**2 - 19*p - 62. Let j be z(-3). Let r = j - b. What is the units digit of r?
5
Let b(z) = 629*z - 3356. What is the thousands digit of b(13)?
4
Suppose -2*d + 2999 + 3133 = 0. What is the thousands digit of d?
3
Let h = 27 - 6. Let u(c) = c**2 + 4 + h*c + 11*c**2 - c**3 - 3*c**2. What is the hundreds digit of u(9)?
1
Let s = -57 - -38. Suppose -4*h + 2*t + 346 = 0, 26*t - 158 = -2*h + 22*t. Let m = h + s. What is the tens digit of m?
6
Suppose 14212*u = 14200*u + 115572. What is the hundreds digit of u?
6
Let a(h) = -12*h - 27. Let r be a(-3). Suppose -r*m = -25*m + 3392. What is the tens digit of m?
1
Let a(h) = -30*h - 114. Suppose 30*u - 32*u + 33 = -m, m + 35 = 4*u. What is the hundreds digit of a(m)?
8
Let u(g) = 1982*g**2 + 220*g - 759. What is the thousands digit of u(4)?
1
Suppose 6*n = -7*n + 9*n + 25204. What is the units digit of n?
1
Let h = 4076 - 2349. What is the units digit of h?
7
Suppose -z = 5*d - 19120, -363*z + 364*z - 19104 = -d. What is the thousands digit of z?
9
Let h = -19 - 5. Let p(k) = -k + 24. Let y be p(h). Suppose l = -4*d + 37, 4*d + 127 = 3*l - y. What is the tens digit of l?
5
Suppose -5*p = 5*v - 610, 6*v = 2*v + 3*p + 474. Let r be 8 + (2 - 4) + -1. Suppose -3*b = 5*i - 72, r*b + 2*i - 5*i = v. What is the tens digit of b?
2
Suppose 10305 = -13*x + 22*x. Let y = x + -658. What is the tens digit of y?
8
Suppose 56*t = 4995 + 45. What is the tens digit of t?
9
Let p(d) = 15*d + 100. Let y be p(-6). Suppose y*x - 2402 = 528. What is the tens digit of x?
9
Suppose 0 = -9*t + 49 + 32. Suppose 0 = 3*z - 2*v - 3117, -z + 4*v - t*v + 1056 = 0. What is the thousands digit of z?
1
Let m = -98 - -208. Suppose -11*o + 15*o + 52 = 0. Let r = o + m. What is the tens digit of r?
9
Suppose -3716 - 1462 = -s + 5*u, -4*s + 20640 = -2*u. Suppose -6*z + s = -80. What is the hundreds digit of z?
8
Suppose 701*c + 6528990 = 779*c. What is the tens digit of c?
0
Let s = -321 + 986. Let d = 955 - s. What is the units digit of d?
0
Let f = 751 + -1547. Let s = f - -1161. What is the tens digit of s?
6
Let n(r) = -53*r + 533. Let o be n(13). Let g be (0 + -1)*(-281 - 0). Let b = g + o. What is the hundreds digit of b?
1
Let f be -1*(-3 + 3 + -123). Suppose -f = 4*o - 1027. What is the hundreds digit of o?
2
Let w be 8/(-2) - (-700)/7. Suppose 0 = 5*a + 15, -k + w = 2*a - 4*a. Let y = -31 + k. What is the units digit of y?
9
Let k(t) be the first derivative of -9*t + 29/3*t**3 + 21 + 4*t**2. What is the hundreds digit of k(3)?
2
Suppose 12*x = 9077 + 123595. What is the tens digit of x?
5
Let d(l) = -22*l. Let t be (-14)/35 + 13/(-5). Let m be t/(12/(-4)) - 2. What is the units digit of d(m)?
2
Let j(d) = -2*d + 15. Let m be j(5). Suppose 17 = 4*i - m*r + 2, -4*i - r = 3. Suppose i = 2*y - 12 + 4. What is the units digit of y?
4
Let u = 30824 - 15260. What is the ten thousands digit of u?
1
Let u(j) = -j**2 - 7*j - 17. Let p(g) = -3. Let v(s) = -2*p(s) - u(s). Suppose t = 2 + 5. What is the hundreds digit of v(t)?
1
Let v = -2145 - -3598. What is the thousands digit of v?
1
Suppose 123*t = 169*t - 683652. What is the thousands digit of t?
4
Suppose 18 + 26 = 4*k - 2*z, -5*k = 2*z - 64. Suppose k*l - 9*l - 6 = 0. Suppose 597 + 109 = 4*u + l*n, -4*u + 715 = -n. What is the tens digit of u?
7
Let n(m) = -20*m - 16. Suppose 0 = 4*k - 14*k + 180. Suppose z - b + 5*b = -k, 0 = -z - b - 9. What is the units digit of n(z)?
4
Suppose 302*i - 526*i = -282*i + 1151706. What is the units digit of i?
7
Let y(j) = -14*j - 18*j - 8 - 34 + 45*j. What is the units digit of y(5)?
3
Let g = 5408 - 286. What is the hundreds digit of g?
1
Let z(n) = -2371*n**3 - 95*n**2 + 4*n + 16. What is the tens digit of z(-3)?
6
Let s be (2 - 0) + 2202 + -4. What is the units digit of (0 - 3) + s/2 + -3?
4
Let j = 1930 - 1282. What is the units digit of j?
8
Suppose 2*s - 93775 = -5*d, 3*d = -2*s + 51900 + 41865. What is the tens digit of s?
7
Let p(r) = r**3 + 27*r**2 + 14*r - 37. Let w = 84 - 110. What is the units digit of p(w)?
5
What is the hundreds digit of (191 - -12835)/(-1 - -3)?
5
Suppose -8 = 2*b, -3*r - 4*b = -43 + 2. What is the hundreds digit of 6300/(r - 7) - (0 - -2)?
5
Suppose -676*k + 56241948 = 195*k - 248*k. What is the hundreds digit of k?
2
Suppose 3*d - 59152 = 28*i - 33*i, 4 = -4*i. What is the tens digit of d?
1
Suppose 3*y - 3*q - 40344 = 0, 0 = 2*y - q - 11824 - 15068. What is the ten thousands digit of y?
1
Suppose -f + 3*z + 79 = 0, -4*z + 15 = 35. Suppose f*w = 56*w + 7536. What is the hundreds digit of w?
9
Suppose -o - 2 = 0, 3*k - 3*o = o + 8. Suppose k = 2*m + m - 2388. Suppose -5*a + 595 = 3*y, y + m = 5*y + 4*a. What is the hundreds digit of y?
2
Let w(n) = -n**2 - 29*n - 29. Let k be (4 - -8)*(-9)/(-2). Let l = -75 + k. What is the hundreds digit of w(l)?
1
Let p = -10494 - -22568. What is the tens digit of p?
7
Let z(x) = x**3 + 16*x**2 - 27*x + 194. What is the tens digit of z(-17)?
6
Let b(s) = s**3 - 8*s**2 - 4*s + 61. Let u be b(7). Let p be 60/9*(-48)/(-10). Let z = p - u. What is the units digit of z?
8
Suppose 0 = -3*z - 5*f + 2034, 0*f - 2022 = -3*z - 3*f. What is the units digit of z?
8
Suppose 75 = 3*d - 6. Suppose 1083 = -d*r + 5268. What is the tens digit of r?
5
Let b be -5 - (-2)/1 - (9 + -9). Let m(u) = -u**3 - 5*u**2 - 5*u + 1. Let a be m(b). What is the tens digit of (171/15)/(a/(-20))?
1
Suppose -5*l - 69 + 334 = 0. Suppose -l*j - 130 = -395. What is the units digit of j?
5
Let x be 6513/26 + 1/2. Suppose 2*n + z = x, 4*n + 0*z - 477 = 3*z. Suppose -2*k + s = -n, -2*k + 4*s + 12 = -102. What is the units digit of k?
3
Suppose -9*j - 1437 = 876. Let w = 439 + j. What is the hundreds digit of w?
1
Suppose 7*a + a - 5*i = 180460, 3*i - 90208 = -4*a. What is the hundreds digit of a?
5
Let v(d) = 13*d**2 - 17*d + 868. What is the units digit of v(-31)?
8
Let y(x) = -29 - 41 + 8 + 11*x + 10. Let d be (-4)/14 - (-255)/35. What is the tens digit of y(d)?
2
What is the tens digit of (27277 + -7)/10 - (1 - 4)?
3
Let m = 117 - 131. What is the tens digit of -8*m/21*(-99)/(-12)?
4
Let h(d) = -29832*d + 583. What is the ten thousands digit of h(-1)?
3
Suppose 33*z - 282521 = -0*z - 77129. What is the units digit of z?
4
Let l(j) be the second derivative of -5/2*j**2 + 1/12*j**4 + 1/6*j**3 + 0 - 32*j. What is the units digit of l(-4)?
7
Suppose -53*l + 37615 - 13653 = -26335. What is the hundreds digit of l?
9
Let m be ((-24)/(-15))/(12/30). Suppose -4*w + 3*f + 1648 = 0, m*f = w + 8*f - 431. What is the tens digit of w?
1
Suppose 417*t + p - 17475 = 413*t, -5 = 5*p. What is the tens digit of t?
6
Suppose -634711 = -15*y + 170307 + 8657. What is the thousands digit of y?
4
Let d = 82609 - 44137. What is the tens digit of d?
7
Let l(j) = -22*j**2 + j - 17. Let d be l(-5). Let t = 904 + d. Suppose k - t = -3*k